the remainder when 4938 is divided by 1231.
14
What is the remainder when 2995 is divided by 2936?
59
Calculate the remainder when 1329 is divided by 1088.
241
What is the remainder when 677637 is divided by 871?
870
What is the remainder when 8297 is divided by 2504?
785
What is the remainder when 3961 is divided by 568?
553
What is the remainder when 469324 is divided by 7?
2
What is the remainder when 33076 is divided by 16538?
0
What is the remainder when 5883 is divided by 2797?
289
What is the remainder when 63187 is divided by 292?
115
What is the remainder when 3755 is divided by 239?
170
Calculate the remainder when 359737 is divided by 80.
57
What is the remainder when 2904 is divided by 185?
129
Calculate the remainder when 9583 is divided by 502.
45
What is the remainder when 3370 is divided by 540?
130
Calculate the remainder when 77955 is divided by 38887.
181
Calculate the remainder when 1439 is divided by 692.
55
What is the remainder when 14031 is divided by 541?
506
What is the remainder when 2749 is divided by 1364?
21
Calculate the remainder when 3341 is divided by 696.
557
What is the remainder when 49330 is divided by 525?
505
What is the remainder when 672830 is divided by 16?
14
What is the remainder when 133066 is divided by 126?
10
Calculate the remainder when 2787 is divided by 2741.
46
What is the remainder when 49293 is divided by 590?
323
What is the remainder when 26847 is divided by 60?
27
What is the remainder when 309 is divided by 55?
34
What is the remainder when 2761 is divided by 2603?
158
Calculate the remainder when 5546 is divided by 73.
71
Calculate the remainder when 431 is divided by 199.
33
Calculate the remainder when 17726 is divided by 106.
24
What is the remainder when 154542 is divided by 7?
3
Calculate the remainder when 6206 is divided by 47.
2
Calculate the remainder when 49248 is divided by 25.
23
What is the remainder when 7161 is divided by 184?
169
What is the remainder when 2837 is divided by 1418?
1
What is the remainder when 24259 is divided by 861?
151
Calculate the remainder when 21647 is divided by 1276.
1231
Calculate the remainder when 37975 is divided by 14.
7
Calculate the remainder when 254158 is divided by 180.
178
What is the remainder when 11803 is divided by 85?
73
Calculate the remainder when 1371 is divided by 1132.
239
Calculate the remainder when 39800 is divided by 107.
103
Calculate the remainder when 6837 is divided by 15.
12
What is the remainder when 227692 is divided by 277?
275
What is the remainder when 309497 is divided by 100?
97
Calculate the remainder when 163 is divided by 84.
79
Calculate the remainder when 20665 is divided by 5100.
265
What is the remainder when 4971 is divided by 304?
107
Calculate the remainder when 1281 is divided by 9.
3
Calculate the remainder when 279126 is divided by 120.
6
Calculate the remainder when 1480 is divided by 47.
23
What is the remainder when 1539 is divided by 309?
303
Calculate the remainder when 7167 is divided by 287.
279
Calculate the remainder when 8888 is divided by 129.
116
What is the remainder when 7122 is divided by 136?
50
Calculate the remainder when 7980 is divided by 2.
0
Calculate the remainder when 99398 is divided by 24840.
38
What is the remainder when 1979 is divided by 573?
260
Calculate the remainder when 1655 is divided by 162.
35
Calculate the remainder when 58333 is divided by 14578.
21
What is the remainder when 1031126 is divided by 9?
5
What is the remainder when 27509 is divided by 27498?
11
What is the remainder when 70326 is divided by 236?
234
What is the remainder when 2028986 is divided by 52?
50
What is the remainder when 78707 is divided by 1175?
1157
Calculate the remainder when 234278 is divided by 9.
8
Calculate the remainder when 345412 is divided by 86348.
20
What is the remainder when 11589 is divided by 5780?
29
What is the remainder when 23725 is divided by 4196?
2745
What is the remainder when 20352 is divided by 3375?
102
Calculate the remainder when 750246 is divided by 111.
108
Calculate the remainder when 499421 is divided by 21.
20
Calculate the remainder when 10988 is divided by 8.
4
Calculate the remainder when 3974144 is divided by 131.
128
Calculate the remainder when 73414 is divided by 24468.
10
What is the remainder when 2142 is divided by 240?
222
What is the remainder when 24183 is divided by 12036?
111
What is the remainder when 14360 is divided by 96?
56
What is the remainder when 57271 is divided by 58?
25
Calculate the remainder when 3812 is divided by 1795.
222
What is the remainder when 41440 is divided by 29?
28
Calculate the remainder when 32890 is divided by 63.
4
Calculate the remainder when 4591 is divided by 430.
291
What is the remainder when 1269 is divided by 422?
3
Calculate the remainder when 278547 is divided by 542.
501
Calculate the remainder when 187565 is divided by 154.
147
What is the remainder when 39077 is divided by 733?
228
What is the remainder when 4283 is divided by 267?
11
What is the remainder when 44830 is divided by 147?
142
Calculate the remainder when 140218 is divided by 2860.
78
What is the remainder when 153717 is divided by 10979?
11
What is the remainder when 515987 is divided by 396?
395
What is the remainder when 1091 is divided by 72?
11
Calculate the remainder when 127105 is divided by 190.
185
What is the remainder when 1772 is divided by 472?
356
Calculate the remainder when 394186 is divided by 307.
305
What is the remainder when 12594 is divided by 109?
59
Calculate the remainder when 3639 is divided by 3520.
119
Calculate the remainder when 17857 is divided by 8920.
17
What is the remainder when 53296 is divided by 47?
45
What is the remainder when 1687 is divided by 113?
105
Calculate the remainder when 288029 is divided by 55.
49
What is the remainder when 9191 is divided by 1221?
644
What is the remainder when 735 is divided by 95?
70
Calculate the remainder when 278426 is divided by 16.
10
Calculate the remainder when 13868 is divided by 167.
7
What is the remainder when 16521 is divided by 404?
361
What is the remainder when 16157 is divided by 78?
11
What is the remainder when 332906 is divided by 32?
10
Calculate the remainder when 1895802 is divided by 405.
402
What is the remainder when 9913 is divided by 3274?
91
What is the remainder when 47253 is divided by 131?
93
Calculate the remainder when 1020 is divided by 382.
256
What is the remainder when 30231 is divided by 356?
327
Calculate the remainder when 1459 is divided by 403.
250
Calculate the remainder when 24376 is divided by 229.
102
Calculate the remainder when 171448 is divided by 50.
48
What is the remainder when 5618 is divided by 5390?
228
What is the remainder when 62234 is divided by 3275?
9
What is the remainder when 16057 is divided by 189?
181
What is the remainder when 36143 is divided by 19?
5
What is the remainder when 7253 is divided by 555?
38
Calculate the remainder when 778233 is divided by 117.
66
Calculate the remainder when 6562 is divided by 2.
0
Calculate the remainder when 9412 is divided by 2934.
610
What is the remainder when 93635 is divided by 153?
152
What is the remainder when 433 is divided by 143?
4
What is the remainder when 754 is divided by 743?
11
Calculate the remainder when 20846 is divided by 10404.
38
Calculate the remainder when 554210 is divided by 3.
2
What is the remainder when 1951 is divided by 9?
7
Calculate the remainder when 20201 is divided by 89.
87
Calculate the remainder when 21434 is divided by 40.
34
What is the remainder when 35199 is divided by 19?
11
Calculate the remainder when 31274 is divided by 135.
89
What is the remainder when 4739 is divided by 428?
31
What is the remainder when 143147 is divided by 151?
150
What is the remainder when 4663 is divided by 196?
155
Calculate the remainder when 2397104 is divided by 29.
22
What is the remainder when 1089484 is divided by 57341?
5
Calculate the remainder when 125232 is divided by 426.
414
Calculate the remainder when 1953272 is divided by 140.
132
Calculate the remainder when 16 is divided by 4.
0
Calculate the remainder when 48487 is divided by 19.
18
Calculate the remainder when 9238 is divided by 220.
218
Calculate the remainder